{"id":384,"date":"2024-09-18T12:49:14","date_gmt":"2024-09-18T10:49:14","guid":{"rendered":"https:\/\/www.location-ecran-video-mur-led.fr\/?post_type=product&#038;p=384"},"modified":"2025-01-22T14:35:24","modified_gmt":"2025-01-22T13:35:24","slug":"location-ecran-plat-evenement","status":"publish","type":"product","link":"https:\/\/www.location-ecran-video-mur-led.fr\/index.php\/produit\/location-ecran-plat-evenement\/","title":{"rendered":"\u00c9cran plat"},"content":{"rendered":"<p>Louez un \u00e9cran LED id\u00e9al pour votre \u00e9v\u00e9nement avec notre configurateur intuitif. Personnalisez la taille, la r\u00e9solution et les options techniques pour un affichage parfaitement adapt\u00e9 \u00e0 vos besoins, que ce soit en int\u00e9rieur ou en ext\u00e9rieur. Profitez d\u2019une qualit\u00e9 d\u2019image haute r\u00e9solution, pour un rendu net et exceptionnel \u00e0 chaque pr\u00e9sentation.<\/p>\n<h4>Pourquoi nous choisir ?<\/h4>\n<ul>\n<li><strong>Affichage haute r\u00e9solution<\/strong> : Un rendu parfait dans toutes les conditions.<\/li>\n<li><strong>Personnalisation sur mesure<\/strong> : Choisissez la taille et les options qui conviennent \u00e0 votre espace.<\/li>\n<li><strong>Installation et assistance incluses<\/strong> : Installation rapide par nos experts et assistance technique sur place.<\/li>\n<\/ul>\n<p>Demandez un <strong>devis gratuit<\/strong> en ligne et laissez un expert vous accompagner dans le succ\u00e8s de votre \u00e9v\u00e9nement. Simple, rapide, et sans engagement !<\/p>\n","protected":false},"excerpt":{"rendered":"<p>Location \u00e9cran plat \u00e9v\u00e9nementiel.<\/p>\n","protected":false},"featured_media":594,"template":"","meta":[],"product_brand":[],"product_cat":[23],"product_tag":[],"class_list":{"0":"post-384","1":"product","2":"type-product","3":"status-publish","4":"has-post-thumbnail","6":"product_cat-ecran-plat","8":"first","9":"instock","10":"shipping-taxable","11":"purchasable","12":"product-type-simple"},"yoast_head":"<!-- This site is optimized with the Yoast SEO plugin v27.3 - https:\/\/yoast.com\/product\/yoast-seo-wordpress\/ -->\n<title>Location d\u2019\u00c9cran Plat pour \u00c9v\u00e9nements | Devis Gratuit<\/title>\n<meta name=\"description\" content=\"Louez un \u00e9cran plat de haute qualit\u00e9 pour vos \u00e9v\u00e9nements ! Diff\u00e9rentes tailles disponibles, installation cl\u00e9 en main et devis gratuit en ligne.\" \/>\n<meta name=\"robots\" content=\"index, follow, max-snippet:-1, max-image-preview:large, max-video-preview:-1\" \/>\n<link rel=\"canonical\" href=\"https:\/\/www.location-ecran-video-mur-led.fr\/index.php\/produit\/location-ecran-plat-evenement\/\" \/>\n<meta property=\"og:locale\" content=\"fr_FR\" \/>\n<meta property=\"og:type\" content=\"article\" \/>\n<meta property=\"og:title\" content=\"Location d\u2019\u00c9cran Plat pour \u00c9v\u00e9nements | Devis Gratuit\" \/>\n<meta property=\"og:description\" content=\"Louez un \u00e9cran plat de haute qualit\u00e9 pour vos \u00e9v\u00e9nements ! Diff\u00e9rentes tailles disponibles, installation cl\u00e9 en main et devis gratuit en ligne.\" \/>\n<meta property=\"og:url\" content=\"https:\/\/www.location-ecran-video-mur-led.fr\/index.php\/produit\/location-ecran-plat-evenement\/\" \/>\n<meta property=\"og:site_name\" content=\"Ecran Led\" \/>\n<meta property=\"article:modified_time\" content=\"2025-01-22T13:35:24+00:00\" \/>\n<meta property=\"og:image\" content=\"https:\/\/www.location-ecran-video-mur-led.fr\/wp-content\/uploads\/2024\/09\/ecran-plat-samsung-55-pouces.png\" \/>\n\t<meta property=\"og:image:width\" content=\"1754\" \/>\n\t<meta property=\"og:image:height\" content=\"1240\" \/>\n\t<meta property=\"og:image:type\" content=\"image\/png\" \/>\n<meta name=\"twitter:card\" content=\"summary_large_image\" \/>\n<meta name=\"twitter:label1\" content=\"Dur\u00e9e de lecture estim\u00e9e\" \/>\n\t<meta name=\"twitter:data1\" content=\"1 minute\" \/>\n<script type=\"application\/ld+json\" class=\"yoast-schema-graph\">{\"@context\":\"https:\\\/\\\/schema.org\",\"@graph\":[{\"@type\":\"WebPage\",\"@id\":\"https:\\\/\\\/www.location-ecran-video-mur-led.fr\\\/index.php\\\/produit\\\/location-ecran-plat-evenement\\\/\",\"url\":\"https:\\\/\\\/www.location-ecran-video-mur-led.fr\\\/index.php\\\/produit\\\/location-ecran-plat-evenement\\\/\",\"name\":\"Location d\u2019\u00c9cran Plat pour \u00c9v\u00e9nements | Devis Gratuit\",\"isPartOf\":{\"@id\":\"https:\\\/\\\/www.location-ecran-video-mur-led.fr\\\/#website\"},\"primaryImageOfPage\":{\"@id\":\"https:\\\/\\\/www.location-ecran-video-mur-led.fr\\\/index.php\\\/produit\\\/location-ecran-plat-evenement\\\/#primaryimage\"},\"image\":{\"@id\":\"https:\\\/\\\/www.location-ecran-video-mur-led.fr\\\/index.php\\\/produit\\\/location-ecran-plat-evenement\\\/#primaryimage\"},\"thumbnailUrl\":\"https:\\\/\\\/www.location-ecran-video-mur-led.fr\\\/wp-content\\\/uploads\\\/2024\\\/09\\\/ecran-plat-samsung-55-pouces.png\",\"datePublished\":\"2024-09-18T10:49:14+00:00\",\"dateModified\":\"2025-01-22T13:35:24+00:00\",\"description\":\"Louez un \u00e9cran plat de haute qualit\u00e9 pour vos \u00e9v\u00e9nements ! Diff\u00e9rentes tailles disponibles, installation cl\u00e9 en main et devis gratuit en ligne.\",\"breadcrumb\":{\"@id\":\"https:\\\/\\\/www.location-ecran-video-mur-led.fr\\\/index.php\\\/produit\\\/location-ecran-plat-evenement\\\/#breadcrumb\"},\"inLanguage\":\"fr-FR\",\"potentialAction\":[{\"@type\":\"ReadAction\",\"target\":[\"https:\\\/\\\/www.location-ecran-video-mur-led.fr\\\/index.php\\\/produit\\\/location-ecran-plat-evenement\\\/\"]}]},{\"@type\":\"ImageObject\",\"inLanguage\":\"fr-FR\",\"@id\":\"https:\\\/\\\/www.location-ecran-video-mur-led.fr\\\/index.php\\\/produit\\\/location-ecran-plat-evenement\\\/#primaryimage\",\"url\":\"https:\\\/\\\/www.location-ecran-video-mur-led.fr\\\/wp-content\\\/uploads\\\/2024\\\/09\\\/ecran-plat-samsung-55-pouces.png\",\"contentUrl\":\"https:\\\/\\\/www.location-ecran-video-mur-led.fr\\\/wp-content\\\/uploads\\\/2024\\\/09\\\/ecran-plat-samsung-55-pouces.png\",\"width\":1754,\"height\":1240},{\"@type\":\"BreadcrumbList\",\"@id\":\"https:\\\/\\\/www.location-ecran-video-mur-led.fr\\\/index.php\\\/produit\\\/location-ecran-plat-evenement\\\/#breadcrumb\",\"itemListElement\":[{\"@type\":\"ListItem\",\"position\":1,\"name\":\"Accueil\",\"item\":\"https:\\\/\\\/www.location-ecran-video-mur-led.fr\\\/\"},{\"@type\":\"ListItem\",\"position\":2,\"name\":\"Boutique\",\"item\":\"https:\\\/\\\/www.location-ecran-video-mur-led.fr\\\/index.php\\\/boutique\\\/\"},{\"@type\":\"ListItem\",\"position\":3,\"name\":\"\u00c9cran plat\"}]},{\"@type\":\"WebSite\",\"@id\":\"https:\\\/\\\/www.location-ecran-video-mur-led.fr\\\/#website\",\"url\":\"https:\\\/\\\/www.location-ecran-video-mur-led.fr\\\/\",\"name\":\"Ecran Led\",\"description\":\"\",\"publisher\":{\"@id\":\"https:\\\/\\\/www.location-ecran-video-mur-led.fr\\\/#organization\"},\"potentialAction\":[{\"@type\":\"SearchAction\",\"target\":{\"@type\":\"EntryPoint\",\"urlTemplate\":\"https:\\\/\\\/www.location-ecran-video-mur-led.fr\\\/?s={search_term_string}\"},\"query-input\":{\"@type\":\"PropertyValueSpecification\",\"valueRequired\":true,\"valueName\":\"search_term_string\"}}],\"inLanguage\":\"fr-FR\"},{\"@type\":\"Organization\",\"@id\":\"https:\\\/\\\/www.location-ecran-video-mur-led.fr\\\/#organization\",\"name\":\"Ecran Led\",\"url\":\"https:\\\/\\\/www.location-ecran-video-mur-led.fr\\\/\",\"logo\":{\"@type\":\"ImageObject\",\"inLanguage\":\"fr-FR\",\"@id\":\"https:\\\/\\\/www.location-ecran-video-mur-led.fr\\\/#\\\/schema\\\/logo\\\/image\\\/\",\"url\":\"https:\\\/\\\/www.location-ecran-video-mur-led.fr\\\/wp-content\\\/uploads\\\/2024\\\/09\\\/Logo-SE-paysage.png\",\"contentUrl\":\"https:\\\/\\\/www.location-ecran-video-mur-led.fr\\\/wp-content\\\/uploads\\\/2024\\\/09\\\/Logo-SE-paysage.png\",\"width\":2983,\"height\":391,\"caption\":\"Ecran Led\"},\"image\":{\"@id\":\"https:\\\/\\\/www.location-ecran-video-mur-led.fr\\\/#\\\/schema\\\/logo\\\/image\\\/\"}}]}<\/script>\n<!-- \/ Yoast SEO plugin. -->","yoast_head_json":{"title":"Location d\u2019\u00c9cran Plat pour \u00c9v\u00e9nements | Devis Gratuit","description":"Louez un \u00e9cran plat de haute qualit\u00e9 pour vos \u00e9v\u00e9nements ! Diff\u00e9rentes tailles disponibles, installation cl\u00e9 en main et devis gratuit en ligne.","robots":{"index":"index","follow":"follow","max-snippet":"max-snippet:-1","max-image-preview":"max-image-preview:large","max-video-preview":"max-video-preview:-1"},"canonical":"https:\/\/www.location-ecran-video-mur-led.fr\/index.php\/produit\/location-ecran-plat-evenement\/","og_locale":"fr_FR","og_type":"article","og_title":"Location d\u2019\u00c9cran Plat pour \u00c9v\u00e9nements | Devis Gratuit","og_description":"Louez un \u00e9cran plat de haute qualit\u00e9 pour vos \u00e9v\u00e9nements ! Diff\u00e9rentes tailles disponibles, installation cl\u00e9 en main et devis gratuit en ligne.","og_url":"https:\/\/www.location-ecran-video-mur-led.fr\/index.php\/produit\/location-ecran-plat-evenement\/","og_site_name":"Ecran Led","article_modified_time":"2025-01-22T13:35:24+00:00","og_image":[{"width":1754,"height":1240,"url":"https:\/\/www.location-ecran-video-mur-led.fr\/wp-content\/uploads\/2024\/09\/ecran-plat-samsung-55-pouces.png","type":"image\/png"}],"twitter_card":"summary_large_image","twitter_misc":{"Dur\u00e9e de lecture estim\u00e9e":"1 minute"},"schema":{"@context":"https:\/\/schema.org","@graph":[{"@type":"WebPage","@id":"https:\/\/www.location-ecran-video-mur-led.fr\/index.php\/produit\/location-ecran-plat-evenement\/","url":"https:\/\/www.location-ecran-video-mur-led.fr\/index.php\/produit\/location-ecran-plat-evenement\/","name":"Location d\u2019\u00c9cran Plat pour \u00c9v\u00e9nements | Devis Gratuit","isPartOf":{"@id":"https:\/\/www.location-ecran-video-mur-led.fr\/#website"},"primaryImageOfPage":{"@id":"https:\/\/www.location-ecran-video-mur-led.fr\/index.php\/produit\/location-ecran-plat-evenement\/#primaryimage"},"image":{"@id":"https:\/\/www.location-ecran-video-mur-led.fr\/index.php\/produit\/location-ecran-plat-evenement\/#primaryimage"},"thumbnailUrl":"https:\/\/www.location-ecran-video-mur-led.fr\/wp-content\/uploads\/2024\/09\/ecran-plat-samsung-55-pouces.png","datePublished":"2024-09-18T10:49:14+00:00","dateModified":"2025-01-22T13:35:24+00:00","description":"Louez un \u00e9cran plat de haute qualit\u00e9 pour vos \u00e9v\u00e9nements ! Diff\u00e9rentes tailles disponibles, installation cl\u00e9 en main et devis gratuit en ligne.","breadcrumb":{"@id":"https:\/\/www.location-ecran-video-mur-led.fr\/index.php\/produit\/location-ecran-plat-evenement\/#breadcrumb"},"inLanguage":"fr-FR","potentialAction":[{"@type":"ReadAction","target":["https:\/\/www.location-ecran-video-mur-led.fr\/index.php\/produit\/location-ecran-plat-evenement\/"]}]},{"@type":"ImageObject","inLanguage":"fr-FR","@id":"https:\/\/www.location-ecran-video-mur-led.fr\/index.php\/produit\/location-ecran-plat-evenement\/#primaryimage","url":"https:\/\/www.location-ecran-video-mur-led.fr\/wp-content\/uploads\/2024\/09\/ecran-plat-samsung-55-pouces.png","contentUrl":"https:\/\/www.location-ecran-video-mur-led.fr\/wp-content\/uploads\/2024\/09\/ecran-plat-samsung-55-pouces.png","width":1754,"height":1240},{"@type":"BreadcrumbList","@id":"https:\/\/www.location-ecran-video-mur-led.fr\/index.php\/produit\/location-ecran-plat-evenement\/#breadcrumb","itemListElement":[{"@type":"ListItem","position":1,"name":"Accueil","item":"https:\/\/www.location-ecran-video-mur-led.fr\/"},{"@type":"ListItem","position":2,"name":"Boutique","item":"https:\/\/www.location-ecran-video-mur-led.fr\/index.php\/boutique\/"},{"@type":"ListItem","position":3,"name":"\u00c9cran plat"}]},{"@type":"WebSite","@id":"https:\/\/www.location-ecran-video-mur-led.fr\/#website","url":"https:\/\/www.location-ecran-video-mur-led.fr\/","name":"Ecran Led","description":"","publisher":{"@id":"https:\/\/www.location-ecran-video-mur-led.fr\/#organization"},"potentialAction":[{"@type":"SearchAction","target":{"@type":"EntryPoint","urlTemplate":"https:\/\/www.location-ecran-video-mur-led.fr\/?s={search_term_string}"},"query-input":{"@type":"PropertyValueSpecification","valueRequired":true,"valueName":"search_term_string"}}],"inLanguage":"fr-FR"},{"@type":"Organization","@id":"https:\/\/www.location-ecran-video-mur-led.fr\/#organization","name":"Ecran Led","url":"https:\/\/www.location-ecran-video-mur-led.fr\/","logo":{"@type":"ImageObject","inLanguage":"fr-FR","@id":"https:\/\/www.location-ecran-video-mur-led.fr\/#\/schema\/logo\/image\/","url":"https:\/\/www.location-ecran-video-mur-led.fr\/wp-content\/uploads\/2024\/09\/Logo-SE-paysage.png","contentUrl":"https:\/\/www.location-ecran-video-mur-led.fr\/wp-content\/uploads\/2024\/09\/Logo-SE-paysage.png","width":2983,"height":391,"caption":"Ecran Led"},"image":{"@id":"https:\/\/www.location-ecran-video-mur-led.fr\/#\/schema\/logo\/image\/"}}]}},"_links":{"self":[{"href":"https:\/\/www.location-ecran-video-mur-led.fr\/index.php\/wp-json\/wp\/v2\/product\/384","targetHints":{"allow":["GET"]}}],"collection":[{"href":"https:\/\/www.location-ecran-video-mur-led.fr\/index.php\/wp-json\/wp\/v2\/product"}],"about":[{"href":"https:\/\/www.location-ecran-video-mur-led.fr\/index.php\/wp-json\/wp\/v2\/types\/product"}],"version-history":[{"count":0,"href":"https:\/\/www.location-ecran-video-mur-led.fr\/index.php\/wp-json\/wp\/v2\/product\/384\/revisions"}],"wp:featuredmedia":[{"embeddable":true,"href":"https:\/\/www.location-ecran-video-mur-led.fr\/index.php\/wp-json\/wp\/v2\/media\/594"}],"wp:attachment":[{"href":"https:\/\/www.location-ecran-video-mur-led.fr\/index.php\/wp-json\/wp\/v2\/media?parent=384"}],"wp:term":[{"taxonomy":"product_brand","embeddable":true,"href":"https:\/\/www.location-ecran-video-mur-led.fr\/index.php\/wp-json\/wp\/v2\/product_brand?post=384"},{"taxonomy":"product_cat","embeddable":true,"href":"https:\/\/www.location-ecran-video-mur-led.fr\/index.php\/wp-json\/wp\/v2\/product_cat?post=384"},{"taxonomy":"product_tag","embeddable":true,"href":"https:\/\/www.location-ecran-video-mur-led.fr\/index.php\/wp-json\/wp\/v2\/product_tag?post=384"}],"curies":[{"name":"wp","href":"https:\/\/api.w.org\/{rel}","templated":true}]}}